{"id":196,"date":"2023-09-30T08:07:02","date_gmt":"2023-09-30T06:07:02","guid":{"rendered":"http:\/\/borne-photo-toulouse.fr\/?page_id=196"},"modified":"2023-11-02T16:04:50","modified_gmt":"2023-11-02T15:04:50","slug":"les-templates","status":"publish","type":"page","link":"https:\/\/borne-photo-toulouse.fr\/?page_id=196","title":{"rendered":"les templates"},"content":{"rendered":"\t\t<div data-elementor-type=\"wp-page\" data-elementor-id=\"196\" class=\"elementor elementor-196\">\n\t\t\t\t\t\t\t\t\t<section class=\"elementor-section elementor-top-section elementor-element elementor-element-536b290 elementor-section-boxed elementor-section-height-default elementor-section-height-default\" data-id=\"536b290\" data-element_type=\"section\">\n\t\t\t\t\t\t<div class=\"elementor-container elementor-column-gap-default\">\n\t\t\t\t\t<div class=\"elementor-column elementor-col-100 elementor-top-column elementor-element elementor-element-b7d39fe\" data-id=\"b7d39fe\" data-element_type=\"column\">\n\t\t\t<div class=\"elementor-widget-wrap elementor-element-populated\">\n\t\t\t\t\t\t\t\t<div class=\"elementor-element elementor-element-7db47a8 elementor-widget elementor-widget-spacer\" data-id=\"7db47a8\" data-element_type=\"widget\" data-widget_type=\"spacer.default\">\n\t\t\t\t<div class=\"elementor-widget-container\">\n\t\t\t<style>\/*! elementor - v3.14.0 - 26-06-2023 *\/\n.elementor-column .elementor-spacer-inner{height:var(--spacer-size)}.e-con{--container-widget-width:100%}.e-con-inner>.elementor-widget-spacer,.e-con>.elementor-widget-spacer{width:var(--container-widget-width,var(--spacer-size));--align-self:var(--container-widget-align-self,initial);--flex-shrink:0}.e-con-inner>.elementor-widget-spacer>.elementor-widget-container,.e-con-inner>.elementor-widget-spacer>.elementor-widget-container>.elementor-spacer,.e-con>.elementor-widget-spacer>.elementor-widget-container,.e-con>.elementor-widget-spacer>.elementor-widget-container>.elementor-spacer{height:100%}.e-con-inner>.elementor-widget-spacer>.elementor-widget-container>.elementor-spacer>.elementor-spacer-inner,.e-con>.elementor-widget-spacer>.elementor-widget-container>.elementor-spacer>.elementor-spacer-inner{height:var(--container-widget-height,var(--spacer-size))}<\/style>\t\t<div class=\"elementor-spacer\">\n\t\t\t<div class=\"elementor-spacer-inner\"><\/div>\n\t\t<\/div>\n\t\t\t\t<\/div>\n\t\t\t\t<\/div>\n\t\t\t\t<div class=\"elementor-element elementor-element-c132d03 elementor-widget elementor-widget-heading\" data-id=\"c132d03\" data-element_type=\"widget\" data-widget_type=\"heading.default\">\n\t\t\t\t<div class=\"elementor-widget-container\">\n\t\t\t<style>\/*! elementor - v3.14.0 - 26-06-2023 *\/\n.elementor-heading-title{padding:0;margin:0;line-height:1}.elementor-widget-heading .elementor-heading-title[class*=elementor-size-]>a{color:inherit;font-size:inherit;line-height:inherit}.elementor-widget-heading .elementor-heading-title.elementor-size-small{font-size:15px}.elementor-widget-heading .elementor-heading-title.elementor-size-medium{font-size:19px}.elementor-widget-heading .elementor-heading-title.elementor-size-large{font-size:29px}.elementor-widget-heading .elementor-heading-title.elementor-size-xl{font-size:39px}.elementor-widget-heading .elementor-heading-title.elementor-size-xxl{font-size:59px}<\/style><h2 class=\"elementor-heading-title elementor-size-default\">Nos templates <\/h2>\t\t<\/div>\n\t\t\t\t<\/div>\n\t\t\t\t\t<\/div>\n\t\t<\/div>\n\t\t\t\t\t\t\t<\/div>\n\t\t<\/section>\n\t\t\t\t<section class=\"elementor-section elementor-top-section elementor-element elementor-element-a325bd7 elementor-section-boxed elementor-section-height-default elementor-section-height-default\" data-id=\"a325bd7\" data-element_type=\"section\">\n\t\t\t\t\t\t<div class=\"elementor-container elementor-column-gap-default\">\n\t\t\t\t\t<div class=\"elementor-column elementor-col-100 elementor-top-column elementor-element elementor-element-69caaf0\" data-id=\"69caaf0\" data-element_type=\"column\">\n\t\t\t<div class=\"elementor-widget-wrap elementor-element-populated\">\n\t\t\t\t\t\t\t\t<div class=\"elementor-element elementor-element-0ddd949 elementor-widget elementor-widget-text-editor\" data-id=\"0ddd949\" data-element_type=\"widget\" data-widget_type=\"text-editor.default\">\n\t\t\t\t<div class=\"elementor-widget-container\">\n\t\t\t<style>\/*! elementor - v3.14.0 - 26-06-2023 *\/\n.elementor-widget-text-editor.elementor-drop-cap-view-stacked .elementor-drop-cap{background-color:#69727d;color:#fff}.elementor-widget-text-editor.elementor-drop-cap-view-framed .elementor-drop-cap{color:#69727d;border:3px solid;background-color:transparent}.elementor-widget-text-editor:not(.elementor-drop-cap-view-default) .elementor-drop-cap{margin-top:8px}.elementor-widget-text-editor:not(.elementor-drop-cap-view-default) .elementor-drop-cap-letter{width:1em;height:1em}.elementor-widget-text-editor .elementor-drop-cap{float:left;text-align:center;line-height:1;font-size:50px}.elementor-widget-text-editor .elementor-drop-cap-letter{display:inline-block}<\/style>\t\t\t\t<p>Nous appelons \u00ab\u00a0template\u00a0\u00bb la d\u00e9coration que vous choisissez autour de vos photos ainsi que le texte.<\/p><p>Le template est totalement personnalisable.<\/p><p>Dans le cas ou il s&rsquo;agit d&rsquo;une location de derni\u00e8re minute (moins de 5 jours avant l&rsquo;\u00e9v\u00e8nement) nous vous demandons de choisir un template parmi ceux que nous avons d\u00e9j\u00e0 cr\u00e9\u00e9. Nous ajouterons le texte qui vous correspond.<\/p>\t\t\t\t\t\t<\/div>\n\t\t\t\t<\/div>\n\t\t\t\t\t<\/div>\n\t\t<\/div>\n\t\t\t\t\t\t\t<\/div>\n\t\t<\/section>\n\t\t\t\t<section class=\"elementor-section elementor-top-section elementor-element elementor-element-20ec0db elementor-section-boxed elementor-section-height-default elementor-section-height-default\" data-id=\"20ec0db\" data-element_type=\"section\">\n\t\t\t\t\t\t<div class=\"elementor-container elementor-column-gap-default\">\n\t\t\t\t\t<div class=\"elementor-column elementor-col-25 elementor-top-column elementor-element elementor-element-4d28a2b\" data-id=\"4d28a2b\" data-element_type=\"column\">\n\t\t\t<div class=\"elementor-widget-wrap elementor-element-populated\">\n\t\t\t\t\t\t\t\t<div class=\"elementor-element elementor-element-2d1c5cb elementor-widget elementor-widget-image\" data-id=\"2d1c5cb\" data-element_type=\"widget\" data-widget_type=\"image.default\">\n\t\t\t\t<div class=\"elementor-widget-container\">\n\t\t\t<style>\/*! elementor - v3.14.0 - 26-06-2023 *\/\n.elementor-widget-image{text-align:center}.elementor-widget-image a{display:inline-block}.elementor-widget-image a img[src$=\".svg\"]{width:48px}.elementor-widget-image img{vertical-align:middle;display:inline-block}<\/style>\t\t\t\t\t\t\t\t\t\t\t\t<img loading=\"lazy\" decoding=\"async\" width=\"341\" height=\"1024\" src=\"https:\/\/borne-photo-toulouse.fr\/wp-content\/uploads\/2023\/09\/20230701_211954_972_1x-341x1024.jpg\" class=\"attachment-large size-large wp-image-203\" alt=\"\" srcset=\"https:\/\/borne-photo-toulouse.fr\/wp-content\/uploads\/2023\/09\/20230701_211954_972_1x-341x1024.jpg 341w, https:\/\/borne-photo-toulouse.fr\/wp-content\/uploads\/2023\/09\/20230701_211954_972_1x-100x300.jpg 100w, https:\/\/borne-photo-toulouse.fr\/wp-content\/uploads\/2023\/09\/20230701_211954_972_1x-512x1536.jpg 512w, https:\/\/borne-photo-toulouse.fr\/wp-content\/uploads\/2023\/09\/20230701_211954_972_1x.jpg 600w\" sizes=\"auto, (max-width: 341px) 100vw, 341px\" \/>\t\t\t\t\t\t\t\t\t\t\t\t\t\t\t<\/div>\n\t\t\t\t<\/div>\n\t\t\t\t\t<\/div>\n\t\t<\/div>\n\t\t\t\t<div class=\"elementor-column elementor-col-25 elementor-top-column elementor-element elementor-element-7a57858\" data-id=\"7a57858\" data-element_type=\"column\">\n\t\t\t<div class=\"elementor-widget-wrap elementor-element-populated\">\n\t\t\t\t\t\t\t\t<div class=\"elementor-element elementor-element-1909a66 elementor-widget elementor-widget-image\" data-id=\"1909a66\" data-element_type=\"widget\" data-widget_type=\"image.default\">\n\t\t\t\t<div class=\"elementor-widget-container\">\n\t\t\t\t\t\t\t\t\t\t\t\t\t\t\t<img loading=\"lazy\" decoding=\"async\" width=\"341\" height=\"1024\" src=\"https:\/\/borne-photo-toulouse.fr\/wp-content\/uploads\/2023\/09\/20230526_115654_072_1x-341x1024.jpg\" class=\"attachment-large size-large wp-image-205\" alt=\"\" srcset=\"https:\/\/borne-photo-toulouse.fr\/wp-content\/uploads\/2023\/09\/20230526_115654_072_1x-341x1024.jpg 341w, https:\/\/borne-photo-toulouse.fr\/wp-content\/uploads\/2023\/09\/20230526_115654_072_1x-100x300.jpg 100w, https:\/\/borne-photo-toulouse.fr\/wp-content\/uploads\/2023\/09\/20230526_115654_072_1x-512x1536.jpg 512w, https:\/\/borne-photo-toulouse.fr\/wp-content\/uploads\/2023\/09\/20230526_115654_072_1x.jpg 600w\" sizes=\"auto, (max-width: 341px) 100vw, 341px\" \/>\t\t\t\t\t\t\t\t\t\t\t\t\t\t\t<\/div>\n\t\t\t\t<\/div>\n\t\t\t\t\t<\/div>\n\t\t<\/div>\n\t\t\t\t<div class=\"elementor-column elementor-col-25 elementor-top-column elementor-element elementor-element-757f8f5\" data-id=\"757f8f5\" data-element_type=\"column\">\n\t\t\t<div class=\"elementor-widget-wrap elementor-element-populated\">\n\t\t\t\t\t\t\t\t<div class=\"elementor-element elementor-element-61f266b elementor-widget elementor-widget-image\" data-id=\"61f266b\" data-element_type=\"widget\" data-widget_type=\"image.default\">\n\t\t\t\t<div class=\"elementor-widget-container\">\n\t\t\t\t\t\t\t\t\t\t\t\t\t\t\t<img loading=\"lazy\" decoding=\"async\" width=\"341\" height=\"1024\" src=\"https:\/\/borne-photo-toulouse.fr\/wp-content\/uploads\/2023\/09\/20230908_214759_199_1x-341x1024.jpg\" class=\"attachment-large size-large wp-image-255\" alt=\"\" srcset=\"https:\/\/borne-photo-toulouse.fr\/wp-content\/uploads\/2023\/09\/20230908_214759_199_1x-341x1024.jpg 341w, https:\/\/borne-photo-toulouse.fr\/wp-content\/uploads\/2023\/09\/20230908_214759_199_1x-100x300.jpg 100w, https:\/\/borne-photo-toulouse.fr\/wp-content\/uploads\/2023\/09\/20230908_214759_199_1x-512x1536.jpg 512w, https:\/\/borne-photo-toulouse.fr\/wp-content\/uploads\/2023\/09\/20230908_214759_199_1x.jpg 600w\" sizes=\"auto, (max-width: 341px) 100vw, 341px\" \/>\t\t\t\t\t\t\t\t\t\t\t\t\t\t\t<\/div>\n\t\t\t\t<\/div>\n\t\t\t\t\t<\/div>\n\t\t<\/div>\n\t\t\t\t<div class=\"elementor-column elementor-col-25 elementor-top-column elementor-element elementor-element-20776b8\" data-id=\"20776b8\" data-element_type=\"column\">\n\t\t\t<div class=\"elementor-widget-wrap elementor-element-populated\">\n\t\t\t\t\t\t\t\t<div class=\"elementor-element elementor-element-2570dac elementor-widget elementor-widget-image\" data-id=\"2570dac\" data-element_type=\"widget\" data-widget_type=\"image.default\">\n\t\t\t\t<div class=\"elementor-widget-container\">\n\t\t\t\t\t\t\t\t\t\t\t\t\t\t\t<img loading=\"lazy\" decoding=\"async\" width=\"341\" height=\"1024\" src=\"https:\/\/borne-photo-toulouse.fr\/wp-content\/uploads\/2023\/11\/20231013_065700_462_1x-341x1024.jpg\" class=\"attachment-large size-large wp-image-316\" alt=\"\" srcset=\"https:\/\/borne-photo-toulouse.fr\/wp-content\/uploads\/2023\/11\/20231013_065700_462_1x-341x1024.jpg 341w, https:\/\/borne-photo-toulouse.fr\/wp-content\/uploads\/2023\/11\/20231013_065700_462_1x-100x300.jpg 100w, https:\/\/borne-photo-toulouse.fr\/wp-content\/uploads\/2023\/11\/20231013_065700_462_1x-512x1536.jpg 512w, https:\/\/borne-photo-toulouse.fr\/wp-content\/uploads\/2023\/11\/20231013_065700_462_1x.jpg 600w\" sizes=\"auto, (max-width: 341px) 100vw, 341px\" \/>\t\t\t\t\t\t\t\t\t\t\t\t\t\t\t<\/div>\n\t\t\t\t<\/div>\n\t\t\t\t\t<\/div>\n\t\t<\/div>\n\t\t\t\t\t\t\t<\/div>\n\t\t<\/section>\n\t\t\t\t<section class=\"elementor-section elementor-top-section elementor-element elementor-element-81c8fb7 elementor-section-boxed elementor-section-height-default elementor-section-height-default\" data-id=\"81c8fb7\" data-element_type=\"section\">\n\t\t\t\t\t\t<div class=\"elementor-container elementor-column-gap-default\">\n\t\t\t\t\t<div class=\"elementor-column elementor-col-33 elementor-top-column elementor-element elementor-element-e829827\" data-id=\"e829827\" data-element_type=\"column\">\n\t\t\t<div class=\"elementor-widget-wrap elementor-element-populated\">\n\t\t\t\t\t\t\t\t<div class=\"elementor-element elementor-element-18d1915 elementor-widget elementor-widget-image\" data-id=\"18d1915\" data-element_type=\"widget\" data-widget_type=\"image.default\">\n\t\t\t\t<div class=\"elementor-widget-container\">\n\t\t\t\t\t\t\t\t\t\t\t\t\t\t\t<img loading=\"lazy\" decoding=\"async\" width=\"683\" height=\"1024\" src=\"https:\/\/borne-photo-toulouse.fr\/wp-content\/uploads\/2023\/09\/20230708_035347_138-683x1024.jpg\" class=\"attachment-large size-large wp-image-204\" alt=\"\" srcset=\"https:\/\/borne-photo-toulouse.fr\/wp-content\/uploads\/2023\/09\/20230708_035347_138-683x1024.jpg 683w, https:\/\/borne-photo-toulouse.fr\/wp-content\/uploads\/2023\/09\/20230708_035347_138-200x300.jpg 200w, https:\/\/borne-photo-toulouse.fr\/wp-content\/uploads\/2023\/09\/20230708_035347_138-768x1152.jpg 768w, https:\/\/borne-photo-toulouse.fr\/wp-content\/uploads\/2023\/09\/20230708_035347_138-1024x1536.jpg 1024w, https:\/\/borne-photo-toulouse.fr\/wp-content\/uploads\/2023\/09\/20230708_035347_138.jpg 1200w\" sizes=\"auto, (max-width: 683px) 100vw, 683px\" \/>\t\t\t\t\t\t\t\t\t\t\t\t\t\t\t<\/div>\n\t\t\t\t<\/div>\n\t\t\t\t\t<\/div>\n\t\t<\/div>\n\t\t\t\t<div class=\"elementor-column elementor-col-33 elementor-top-column elementor-element elementor-element-6a0a35d\" data-id=\"6a0a35d\" data-element_type=\"column\">\n\t\t\t<div class=\"elementor-widget-wrap elementor-element-populated\">\n\t\t\t\t\t\t\t\t<div class=\"elementor-element elementor-element-fc8688a elementor-widget elementor-widget-image\" data-id=\"fc8688a\" data-element_type=\"widget\" data-widget_type=\"image.default\">\n\t\t\t\t<div class=\"elementor-widget-container\">\n\t\t\t\t\t\t\t\t\t\t\t\t\t\t\t<img loading=\"lazy\" decoding=\"async\" width=\"683\" height=\"1024\" src=\"https:\/\/borne-photo-toulouse.fr\/wp-content\/uploads\/2023\/09\/20230603_003843_930-683x1024.jpg\" class=\"attachment-large size-large wp-image-206\" alt=\"\" srcset=\"https:\/\/borne-photo-toulouse.fr\/wp-content\/uploads\/2023\/09\/20230603_003843_930-683x1024.jpg 683w, https:\/\/borne-photo-toulouse.fr\/wp-content\/uploads\/2023\/09\/20230603_003843_930-200x300.jpg 200w, https:\/\/borne-photo-toulouse.fr\/wp-content\/uploads\/2023\/09\/20230603_003843_930-768x1152.jpg 768w, https:\/\/borne-photo-toulouse.fr\/wp-content\/uploads\/2023\/09\/20230603_003843_930-1024x1536.jpg 1024w, https:\/\/borne-photo-toulouse.fr\/wp-content\/uploads\/2023\/09\/20230603_003843_930.jpg 1200w\" sizes=\"auto, (max-width: 683px) 100vw, 683px\" \/>\t\t\t\t\t\t\t\t\t\t\t\t\t\t\t<\/div>\n\t\t\t\t<\/div>\n\t\t\t\t\t<\/div>\n\t\t<\/div>\n\t\t\t\t<div class=\"elementor-column elementor-col-33 elementor-top-column elementor-element elementor-element-49bc4fd\" data-id=\"49bc4fd\" data-element_type=\"column\">\n\t\t\t<div class=\"elementor-widget-wrap elementor-element-populated\">\n\t\t\t\t\t\t\t\t<div class=\"elementor-element elementor-element-39ad2b1 elementor-widget elementor-widget-image\" data-id=\"39ad2b1\" data-element_type=\"widget\" data-widget_type=\"image.default\">\n\t\t\t\t<div class=\"elementor-widget-container\">\n\t\t\t\t\t\t\t\t\t\t\t\t\t\t\t<img loading=\"lazy\" decoding=\"async\" width=\"683\" height=\"1024\" src=\"https:\/\/borne-photo-toulouse.fr\/wp-content\/uploads\/2023\/09\/20230812_212005_158-683x1024.jpg\" class=\"attachment-large size-large wp-image-202\" alt=\"\" srcset=\"https:\/\/borne-photo-toulouse.fr\/wp-content\/uploads\/2023\/09\/20230812_212005_158-683x1024.jpg 683w, https:\/\/borne-photo-toulouse.fr\/wp-content\/uploads\/2023\/09\/20230812_212005_158-200x300.jpg 200w, https:\/\/borne-photo-toulouse.fr\/wp-content\/uploads\/2023\/09\/20230812_212005_158-768x1152.jpg 768w, https:\/\/borne-photo-toulouse.fr\/wp-content\/uploads\/2023\/09\/20230812_212005_158-1024x1536.jpg 1024w, https:\/\/borne-photo-toulouse.fr\/wp-content\/uploads\/2023\/09\/20230812_212005_158.jpg 1200w\" sizes=\"auto, (max-width: 683px) 100vw, 683px\" \/>\t\t\t\t\t\t\t\t\t\t\t\t\t\t\t<\/div>\n\t\t\t\t<\/div>\n\t\t\t\t\t<\/div>\n\t\t<\/div>\n\t\t\t\t\t\t\t<\/div>\n\t\t<\/section>\n\t\t\t\t<section class=\"elementor-section elementor-top-section elementor-element elementor-element-7c8e36f elementor-section-boxed elementor-section-height-default elementor-section-height-default\" data-id=\"7c8e36f\" data-element_type=\"section\">\n\t\t\t\t\t\t<div class=\"elementor-container elementor-column-gap-default\">\n\t\t\t\t\t<div class=\"elementor-column elementor-col-33 elementor-top-column elementor-element elementor-element-e8451dc\" data-id=\"e8451dc\" data-element_type=\"column\">\n\t\t\t<div class=\"elementor-widget-wrap elementor-element-populated\">\n\t\t\t\t\t\t\t\t<div class=\"elementor-element elementor-element-e891464 elementor-widget elementor-widget-image\" data-id=\"e891464\" data-element_type=\"widget\" data-widget_type=\"image.default\">\n\t\t\t\t<div class=\"elementor-widget-container\">\n\t\t\t\t\t\t\t\t\t\t\t\t\t\t\t<img loading=\"lazy\" decoding=\"async\" width=\"683\" height=\"1024\" src=\"https:\/\/borne-photo-toulouse.fr\/wp-content\/uploads\/2023\/09\/20230723_011002_926-683x1024.jpg\" class=\"attachment-large size-large wp-image-225\" alt=\"\" srcset=\"https:\/\/borne-photo-toulouse.fr\/wp-content\/uploads\/2023\/09\/20230723_011002_926-683x1024.jpg 683w, https:\/\/borne-photo-toulouse.fr\/wp-content\/uploads\/2023\/09\/20230723_011002_926-200x300.jpg 200w, https:\/\/borne-photo-toulouse.fr\/wp-content\/uploads\/2023\/09\/20230723_011002_926-768x1152.jpg 768w, https:\/\/borne-photo-toulouse.fr\/wp-content\/uploads\/2023\/09\/20230723_011002_926-1024x1536.jpg 1024w, https:\/\/borne-photo-toulouse.fr\/wp-content\/uploads\/2023\/09\/20230723_011002_926.jpg 1200w\" sizes=\"auto, (max-width: 683px) 100vw, 683px\" \/>\t\t\t\t\t\t\t\t\t\t\t\t\t\t\t<\/div>\n\t\t\t\t<\/div>\n\t\t\t\t\t<\/div>\n\t\t<\/div>\n\t\t\t\t<div class=\"elementor-column elementor-col-33 elementor-top-column elementor-element elementor-element-fe97db0\" data-id=\"fe97db0\" data-element_type=\"column\">\n\t\t\t<div class=\"elementor-widget-wrap elementor-element-populated\">\n\t\t\t\t\t\t\t\t<div class=\"elementor-element elementor-element-cf36fc1 elementor-widget elementor-widget-image\" data-id=\"cf36fc1\" data-element_type=\"widget\" data-widget_type=\"image.default\">\n\t\t\t\t<div class=\"elementor-widget-container\">\n\t\t\t\t\t\t\t\t\t\t\t\t\t\t\t<img loading=\"lazy\" decoding=\"async\" width=\"683\" height=\"1024\" src=\"https:\/\/borne-photo-toulouse.fr\/wp-content\/uploads\/2023\/09\/20230815_060325_449-683x1024.jpg\" class=\"attachment-large size-large wp-image-256\" alt=\"\" srcset=\"https:\/\/borne-photo-toulouse.fr\/wp-content\/uploads\/2023\/09\/20230815_060325_449-683x1024.jpg 683w, https:\/\/borne-photo-toulouse.fr\/wp-content\/uploads\/2023\/09\/20230815_060325_449-200x300.jpg 200w, https:\/\/borne-photo-toulouse.fr\/wp-content\/uploads\/2023\/09\/20230815_060325_449-768x1152.jpg 768w, https:\/\/borne-photo-toulouse.fr\/wp-content\/uploads\/2023\/09\/20230815_060325_449-1024x1536.jpg 1024w, https:\/\/borne-photo-toulouse.fr\/wp-content\/uploads\/2023\/09\/20230815_060325_449.jpg 1200w\" sizes=\"auto, (max-width: 683px) 100vw, 683px\" \/>\t\t\t\t\t\t\t\t\t\t\t\t\t\t\t<\/div>\n\t\t\t\t<\/div>\n\t\t\t\t\t<\/div>\n\t\t<\/div>\n\t\t\t\t<div class=\"elementor-column elementor-col-33 elementor-top-column elementor-element elementor-element-09c2421\" data-id=\"09c2421\" data-element_type=\"column\">\n\t\t\t<div class=\"elementor-widget-wrap\">\n\t\t\t\t\t\t\t\t\t<\/div>\n\t\t<\/div>\n\t\t\t\t\t\t\t<\/div>\n\t\t<\/section>\n\t\t\t\t<section class=\"elementor-section elementor-top-section elementor-element elementor-element-46f00da elementor-section-boxed elementor-section-height-default elementor-section-height-default\" data-id=\"46f00da\" data-element_type=\"section\">\n\t\t\t\t\t\t<div class=\"elementor-container elementor-column-gap-default\">\n\t\t\t\t\t<div class=\"elementor-column elementor-col-50 elementor-top-column elementor-element elementor-element-a931245\" data-id=\"a931245\" data-element_type=\"column\">\n\t\t\t<div class=\"elementor-widget-wrap elementor-element-populated\">\n\t\t\t\t\t\t\t\t<div class=\"elementor-element elementor-element-eb845b1 elementor-widget elementor-widget-image\" data-id=\"eb845b1\" data-element_type=\"widget\" data-widget_type=\"image.default\">\n\t\t\t\t<div class=\"elementor-widget-container\">\n\t\t\t\t\t\t\t\t\t\t\t\t\t\t\t<img loading=\"lazy\" decoding=\"async\" width=\"800\" height=\"534\" src=\"https:\/\/borne-photo-toulouse.fr\/wp-content\/uploads\/2023\/09\/20230821_083741_248-1024x683.jpg\" class=\"attachment-large size-large wp-image-257\" alt=\"\" srcset=\"https:\/\/borne-photo-toulouse.fr\/wp-content\/uploads\/2023\/09\/20230821_083741_248-1024x683.jpg 1024w, https:\/\/borne-photo-toulouse.fr\/wp-content\/uploads\/2023\/09\/20230821_083741_248-300x200.jpg 300w, https:\/\/borne-photo-toulouse.fr\/wp-content\/uploads\/2023\/09\/20230821_083741_248-768x512.jpg 768w, https:\/\/borne-photo-toulouse.fr\/wp-content\/uploads\/2023\/09\/20230821_083741_248-1536x1024.jpg 1536w, https:\/\/borne-photo-toulouse.fr\/wp-content\/uploads\/2023\/09\/20230821_083741_248.jpg 1800w\" sizes=\"auto, (max-width: 800px) 100vw, 800px\" \/>\t\t\t\t\t\t\t\t\t\t\t\t\t\t\t<\/div>\n\t\t\t\t<\/div>\n\t\t\t\t\t<\/div>\n\t\t<\/div>\n\t\t\t\t<div class=\"elementor-column elementor-col-50 elementor-top-column elementor-element elementor-element-d718978\" data-id=\"d718978\" data-element_type=\"column\">\n\t\t\t<div class=\"elementor-widget-wrap elementor-element-populated\">\n\t\t\t\t\t\t\t\t<div class=\"elementor-element elementor-element-e0f89ed elementor-widget elementor-widget-image\" data-id=\"e0f89ed\" data-element_type=\"widget\" data-widget_type=\"image.default\">\n\t\t\t\t<div class=\"elementor-widget-container\">\n\t\t\t\t\t\t\t\t\t\t\t\t\t\t\t<img loading=\"lazy\" decoding=\"async\" width=\"800\" height=\"534\" src=\"https:\/\/borne-photo-toulouse.fr\/wp-content\/uploads\/2023\/10\/20231001_004136_143-1024x683.jpg\" class=\"attachment-large size-large wp-image-281\" alt=\"\" srcset=\"https:\/\/borne-photo-toulouse.fr\/wp-content\/uploads\/2023\/10\/20231001_004136_143-1024x683.jpg 1024w, https:\/\/borne-photo-toulouse.fr\/wp-content\/uploads\/2023\/10\/20231001_004136_143-300x200.jpg 300w, https:\/\/borne-photo-toulouse.fr\/wp-content\/uploads\/2023\/10\/20231001_004136_143-768x512.jpg 768w, https:\/\/borne-photo-toulouse.fr\/wp-content\/uploads\/2023\/10\/20231001_004136_143-1536x1024.jpg 1536w, https:\/\/borne-photo-toulouse.fr\/wp-content\/uploads\/2023\/10\/20231001_004136_143.jpg 1800w\" sizes=\"auto, (max-width: 800px) 100vw, 800px\" \/>\t\t\t\t\t\t\t\t\t\t\t\t\t\t\t<\/div>\n\t\t\t\t<\/div>\n\t\t\t\t\t<\/div>\n\t\t<\/div>\n\t\t\t\t\t\t\t<\/div>\n\t\t<\/section>\n\t\t\t\t<section class=\"elementor-section elementor-top-section elementor-element elementor-element-f4624c6 elementor-section-boxed elementor-section-height-default elementor-section-height-default\" data-id=\"f4624c6\" data-element_type=\"section\">\n\t\t\t\t\t\t<div class=\"elementor-container elementor-column-gap-default\">\n\t\t\t\t\t<div class=\"elementor-column elementor-col-100 elementor-top-column elementor-element elementor-element-a705393\" data-id=\"a705393\" data-element_type=\"column\">\n\t\t\t<div class=\"elementor-widget-wrap elementor-element-populated\">\n\t\t\t\t\t\t\t\t<div class=\"elementor-element elementor-element-7225431 elementor-widget elementor-widget-image\" data-id=\"7225431\" data-element_type=\"widget\" data-widget_type=\"image.default\">\n\t\t\t\t<div class=\"elementor-widget-container\">\n\t\t\t\t\t\t\t\t\t\t\t\t\t\t\t<img loading=\"lazy\" decoding=\"async\" width=\"800\" height=\"270\" src=\"https:\/\/borne-photo-toulouse.fr\/wp-content\/uploads\/2023\/10\/20231001_110906_000_1x-1024x346.jpg\" class=\"attachment-large size-large wp-image-280\" alt=\"\" srcset=\"https:\/\/borne-photo-toulouse.fr\/wp-content\/uploads\/2023\/10\/20231001_110906_000_1x-1024x346.jpg 1024w, https:\/\/borne-photo-toulouse.fr\/wp-content\/uploads\/2023\/10\/20231001_110906_000_1x-300x101.jpg 300w, https:\/\/borne-photo-toulouse.fr\/wp-content\/uploads\/2023\/10\/20231001_110906_000_1x-768x259.jpg 768w, https:\/\/borne-photo-toulouse.fr\/wp-content\/uploads\/2023\/10\/20231001_110906_000_1x-1536x519.jpg 1536w, https:\/\/borne-photo-toulouse.fr\/wp-content\/uploads\/2023\/10\/20231001_110906_000_1x.jpg 1777w\" sizes=\"auto, (max-width: 800px) 100vw, 800px\" \/>\t\t\t\t\t\t\t\t\t\t\t\t\t\t\t<\/div>\n\t\t\t\t<\/div>\n\t\t\t\t\t<\/div>\n\t\t<\/div>\n\t\t\t\t\t\t\t<\/div>\n\t\t<\/section>\n\t\t\t\t\t\t\t<\/div>\n\t\t","protected":false},"excerpt":{"rendered":"<p>Nos templates Nous appelons \u00ab\u00a0template\u00a0\u00bb la d\u00e9coration que vous choisissez autour de vos photos ainsi que le texte. Le template est totalement personnalisable. Dans le cas ou il s&rsquo;agit d&rsquo;une location de derni\u00e8re minute (moins de 5 jours avant l&rsquo;\u00e9v\u00e8nement) nous vous demandons de choisir un template parmi ceux que nous avons d\u00e9j\u00e0 cr\u00e9\u00e9. Nous [&hellip;]<\/p>\n","protected":false},"author":1,"featured_media":0,"parent":0,"menu_order":0,"comment_status":"closed","ping_status":"closed","template":"","meta":{"_themeisle_gutenberg_block_has_review":false,"footnotes":""},"class_list":["post-196","page","type-page","status-publish","hentry"],"_links":{"self":[{"href":"https:\/\/borne-photo-toulouse.fr\/index.php?rest_route=\/wp\/v2\/pages\/196","targetHints":{"allow":["GET"]}}],"collection":[{"href":"https:\/\/borne-photo-toulouse.fr\/index.php?rest_route=\/wp\/v2\/pages"}],"about":[{"href":"https:\/\/borne-photo-toulouse.fr\/index.php?rest_route=\/wp\/v2\/types\/page"}],"author":[{"embeddable":true,"href":"https:\/\/borne-photo-toulouse.fr\/index.php?rest_route=\/wp\/v2\/users\/1"}],"replies":[{"embeddable":true,"href":"https:\/\/borne-photo-toulouse.fr\/index.php?rest_route=%2Fwp%2Fv2%2Fcomments&post=196"}],"version-history":[{"count":28,"href":"https:\/\/borne-photo-toulouse.fr\/index.php?rest_route=\/wp\/v2\/pages\/196\/revisions"}],"predecessor-version":[{"id":319,"href":"https:\/\/borne-photo-toulouse.fr\/index.php?rest_route=\/wp\/v2\/pages\/196\/revisions\/319"}],"wp:attachment":[{"href":"https:\/\/borne-photo-toulouse.fr\/index.php?rest_route=%2Fwp%2Fv2%2Fmedia&parent=196"}],"curies":[{"name":"wp","href":"https:\/\/api.w.org\/{rel}","templated":true}]}}